 a = -48 - -79. What are the prime factors of a?
31
Let i = 55 + -82. Let f = 15 + i. Let q = 21 + f. What are the prime factors of q?
3
Let q(n) = -n**3 - 5*n**2 + 1. Let y be q(-5). Let r(f) = 2*f**2 - y - 7*f + 10 - f**2. List the prime factors of r(7).
3
Suppose 0 = 2*j + 8 + 12. Let f = j - -17. List the prime factors of f.
7
Suppose -3*s + 54 = -2*b, 0 = 2*s - 3*b - 13 - 23. What are the prime factors of (30/(-4))/((-9)/s)?
3, 5
Suppose j - 50 + 12 = 0. What are the prime factors of j?
2, 19
Let u(r) = 8*r**2 - 2*r - 11. What are the prime factors of u(-3)?
67
Let v(x) = -5*x**3 + 6*x**3 + 2*x**2 - 4 + 1 - 2*x. What are the prime factors of v(3)?
2, 3
Suppose -26 - 7 = -3*i. Suppose -1 + i = 5*t. List the prime factors of t.
2
Let t be (-5 + 2)/((-12)/(-8)). What are the prime factors of 0 + 1 + (2 - t)?
5
Let g(a) be the second derivative of a**3/6 + 2*a**2 + a. Let f be g(-5). List the prime factors of f/(-1) - (-24)/6.
5
Let t = 2 - 6. Let o(c) = -c**3 - 9*c**2 - 7*c + 10. Let u be o(-8). List the prime factors of ((-2)/t)/(u/28).
7
Suppose 17 = 4*a - 3. Let b(o) = -o**2 + 6*o + 7. List the prime factors of b(a).
2, 3
Let g(x) be the second derivative of x**4/12 + 2*x**3 - 13*x**2/2 - 2*x. Let y be g(-11). List the prime factors of 30/(-9)*y/5.
2
Let b(k) = k**3 - 6*k**2 - 7*k + 1. List the prime factors of b(9).
181
Let p(g) = -g**3 - 11*g**2 - 2*g + 2. List the prime factors of p(-11).
2, 3
Suppose 4*v - 65 = -21. Let y = v - 6. List the prime factors of y.
5
Let s = 5 - -5. Suppose -n = -s - 16. What are the prime factors of n?
2, 13
Suppose 16 = 4*o - 0. Suppose o*c - 8 = -4*v + 16, 0 = 2*c - 2*v. List the prime factors of c.
3
Let a(c) be the third derivative of c**5/60 + 5*c**4/12 - 3*c**3/2 - 8*c**2. List the prime factors of a(-11).
2
Let z = -5 + 5. Suppose -4*m + 35 - 7 = z. Suppose 3*u + m = 43. What are the prime factors of u?
2, 3
Let z = 46 - 9. List the prime factors of z.
37
Let c be 12/8*404/6. Suppose -4*h - 29 = -c. List the prime factors of h.
2, 3
Suppose -x + 0*x + 2 = 0. Suppose -g = u - 34, 3*g = -x*u + 126 - 21. What are the prime factors of g?
37
Suppose 4*p = 3*v - 29, -2*v + 30 = 3*v - 3*p. Suppose 8 = v*j - j. What are the prime factors of j?
2
Suppose 5*q = 59 + 101. List the prime factors of q.
2
Let f(r) = -3*r**3 + r**2 - 6 + 2*r**3 + 2*r + 4*r**2. What are the prime factors of f(5)?
2
Suppose -2*v + v - 1 = 0, s + v = 0. Let d be 1 + -6 - (2 - s). What are the prime factors of 6*(-2 - 21/d)?
3
Suppose -3*j + 11*m = 9*m - 761, 0 = -5*j + m + 1280. What are the prime factors of j?
257
Let j(q) = -2*q**3 - q - 1. Let w be j(-1). Suppose -3*i = -3*v - 12, -w*v - v = 3. Suppose i*d + 64 = 7*d. List the prime factors of d.
2
Let y be (-8)/10*(-75)/6. Let m = y + 7. What are the prime factors of m?
17
Let q = 12 - 7. Suppose -q*u - 15 = -2*c + c, -2*u = 2. What are the prime factors of c?
2, 5
Let w(l) = 2*l + 18. Let a be w(-8). Suppose -b - a*b + 18 = 0. What are the prime factors of b?
2, 3
Suppose 3*m + 181 = 2*d + 2*d, d = -4*m + 50. Suppose 5*g = -5*z + 30, z + 2*z + d = 5*g. What are the prime factors of g?
2
Let d = -8 - -7. List the prime factors of (-2)/1 + d - -8.
5
Suppose 5*g - 5 = 0, -5*g + g + 19 = 5*x. Let d = x - -15. List the prime factors of d.
2, 3
Let q(o) = -o + 4. What are the prime factors of q(2)?
2
Let i(y) = -y - 9. Let s be i(-8). What are the prime factors of (2 - 5) + (s - -6)?
2
Let z = -107 + 149. What are the prime factors of z?
2, 3, 7
Suppose 5*i = -3*v + 90 - 39, 0 = 5*v + 4*i - 72. List the prime factors of v.
2, 3
Let k be (-3)/(-6)*(-2 - -8). Suppose -k*h = -4*g + 8, -h + 0*h = 3*g - 19. Suppose 36 = 2*o + 3*p, 6 = h*o - 4*p - 46. What are the prime factors of o?
3, 5
Let o be (0 + (-8)/(-6))*-9. Suppose -g + 6 = 2*g. List the prime factors of (g/(-6))/(2/o).
2
Let r be (-18)/(-5)*60/(-18). Let y be (-1)/(-2) - 126/r. Let l = -7 + y. What are the prime factors of l?
2
Let m(f) be the second derivative of 1/6*f**4 - 1/2*f**2 + 0 + 1/2*f**5 + 0*f**3 - 2*f. What are the prime factors of m(1)?
11
Suppose -4*o + 11 = -3*o + 3*j, 9 = 3*o - 3*j. Let u = o - 1. List the prime factors of 171/15 + u/(-10).
11
Let l(b) = b**3 - b**2 + 4. Let m be l(0). Let h(f) = 3*f - 6. List the prime factors of h(m).
2, 3
Suppose 4*h + 2*i = -3*i + 18, -2*h = 3*i - 10. Let q be -9*(8/6)/h. Let w(c) = -2*c + 1. What are the prime factors of w(q)?
13
Let c = 9 - 5. Suppose v = 5*v + 20, c*k - v - 17 = 0. List the prime factors of (k + -2)/((-2)/(-20)).
2, 5
Let m(d) = -8*d - 42. What are the prime factors of m(-12)?
2, 3
Let d(l) = 23*l**2 - 1. Let f = 5 + 1. Let a be 3/9 + 4/f. What are the prime factors of d(a)?
2, 11
Suppose 0 = c + 1 - 4. What are the prime factors of (5/c)/(1/3)?
5
Suppose 16 = -3*l + 4*z - 13, 5*l - 5*z + 40 = 0. Let b = -14 + 23. Let y = l + b. List the prime factors of y.
2, 3
Let n(z) = z**2 - 10*z - 1. Let p be n(9). List the prime factors of 2/(-3)*-3 - p.
2, 3
Suppose 2*z = -5*t + 2*t - 4, -2*z + 4*t - 18 = 0. List the prime factors of 50/2*(-4)/z.
2, 5
Let i be ((-1)/(-2))/(9/18). What are the prime factors of 5*38*i/10?
19
Suppose 0*z + 3*z - 5*q = 46, 5*q - 5 = 0. Suppose -20 - 5 = -5*h, -4*x = -5*h + z. List the prime factors of x.
2
What are the prime factors of (-1 - (-496)/4)/1?
3, 41
Let i(f) = f**2 - 11*f - 6. Let n be i(12). Suppose -106 = -n*k + 3*k - c, 3*k = -2*c + 104. List the prime factors of k.
2, 3
Let v(m) = 2*m - 6. Let h be v(5). Let x(o) = -o - 1. Let f be x(-4). Suppose -c - a + f*a = -9, h*c - 5*a - 39 = 0. List the prime factors of c.
11
Let z = -157 + 229. Suppose v = -3*v + z. Suppose 2*c - 4*h - v = 0, 0*c - 2*h + 9 = c. List the prime factors of c.
3
Let w = 190 - 124. What are the prime factors of w?
2, 3, 11
Suppose -2*a + 4*b = -20, 3*b = 2*a - 13 - 2. Suppose 4*v - 7*v = a. Suppose v = -q - 3 + 6. What are the prime factors of q?
3
Let j = -27 + 12. List the prime factors of 3*-7*5/j.
7
Let n = 10 + -17. Let i(j) = j**3 + 8*j**2 + 5*j - 2. What are the prime factors of i(n)?
2, 3
Suppose 0 = 2*g + 2*g - 56. Suppose g = 5*r + 4*n, 9*r + 4*n - 12 = 5*r. What are the prime factors of r?
2
Suppose -3*j = 4*q - 517 + 13, 3*q - 4*j - 378 = 0. What are the prime factors of q?
2, 3, 7
Suppose g - j = 4*j + 5, -21 = 3*g + 3*j. Let u(x) be the third derivative of -x**4/24 + x**3/2 + 2*x**2. List the prime factors of u(g).
2
What are the prime factors of 5/35 - 753/(-21)?
2, 3
Let f(k) = 0 + 0 + 6 - 5 + 18*k. What are the prime factors of f(1)?
19
Suppose 0 = -2*c + 3*c + 2. List the prime factors of c*(-3)/((-6)/(-11)).
11
Suppose -v = -8 + 2. Suppose k - 2*s = -7*s - v, -k + 4*s + 21 = 0. What are the prime factors of (-2)/k + 58/18?
3
Suppose q + 2*x + 14 = -0*x, -63 = 3*q - x. Let u be q/(-6) + (-1)/3. Suppose -4*j = g - 30, 0 = -g - u*g + j + 52. What are the prime factors of g?
2, 7
Let x = 15 + 5. Suppose -2*y + x = 3*y. Suppose -y*p + 9*p - 50 = 0. List the prime factors of p.
2, 5
Let o(c) = 6*c - 8. What are the prime factors of o(6)?
2, 7
Let q = 15 - 7. Let s(r) = r + 1. List the prime factors of s(q).
3
Let u(z) = -2*z**3 - 6*z**2 - z - 2. List the prime factors of u(-4).
2, 17
Suppose 5*s - 25 = 0, 3*f - s - 164 = 65. List the prime factors of f.
2, 3, 13
Let k(x) = 3 + 2 + 8*x - 4*x**2 + 3*x**2. List the prime factors of k(7).
2, 3
Let q(b) = b**2 - b. Let k(a) = -6*a**2 + 13*a + 10. Let r(c) = -k(c) - 4*q(c). List the prime factors of r(7).
5
List the prime factors of 180/63*(-14)/(-4).
2, 5
Let y(o) = o - 1. Let a be y(2). Let i(d) = d**2 + 0 - d + 2*d**3 + 1 + 6*d**3. List the prime factors of i(a).
3
List the prime factors of (1 - (-7)/(-4)) + (-2124)/(-16).
2, 3, 11
Let y = -20 - -28. Let v = y - 5. Suppose c = -m + v, -5*c - 69 = -4*m - 12. What are the prime factors of m?
2
Let q = 19 + -44. What are the prime factors of (-5)/(q/(-4))*-10?
2
Let q be (-4)/14 - 243/7. List the prime factors of 244/10 + 14/q.
2, 3
Let i be (2/(-4))/((-4)/(-24)). Let b(s) = -2*s**3 - 4*s**2 - 2*s - 4. List the prime factors of b(i).
2, 5
Let q(l) = -11*l. Let j = 0 + 4. Suppose 5*a - 11 = 4*u, 4*a - j*u + 0*u - 12 = 0. What are the prime factors of q(a)?
11
Suppose 2*o = 5*p - 20, 0 = 4*o + o. Suppose 0 = p*f - 3*g - 20, -4*f + 15 = -f + g